is the tens digit of ((-5)/10)/((-1)/82)?
4
Suppose -119 = -13*c + 76. What is the tens digit of c?
1
Suppose -4*r + 10 = -2. What is the units digit of r?
3
Suppose -6 = -2*j + 2*a, 4*a - 42 = -5*j - 0*j. Suppose 2*n = -n + j. Suppose 0 = d + 2*x - 14, -n*d + 0*x + 7 = -3*x. What is the units digit of d?
8
Let c(v) = -v**2 + 26*v. What is the tens digit of c(11)?
6
Let a(d) = d**3 - 3*d**2. Let y be a(4). Let l = 23 - y. What is the units digit of l?
7
Let q(l) = -l + 4. Suppose -11 = 2*y - 5*r + 17, 5*y + 3*r + 8 = 0. What is the units digit of q(y)?
8
Let t = 0 - 2. What is the units digit of 0 - (1 + t) - -2?
3
Let a(m) = -m**2 - 12*m + 8. What is the tens digit of a(-10)?
2
What is the units digit of 3 - 15/(9/(-3))?
8
Let s be 2/(-2*1/1). What is the units digit of 11/(5 + s + -3)?
1
Let s be 8 - (2 + -3)*-3. Suppose -t + 19 = m - 0*m, -s*m + 44 = 2*t. What is the tens digit of t?
1
Let b(v) = v - 3. Let f be b(3). Suppose 3*c - 6 = -f. Suppose 4*i + c = 3*i, -3 = l + 3*i. What is the units digit of l?
3
Suppose -7*g - 18 = -4*g. Let p(a) = 5 + 3*a + a + a**2 + 2*a. What is the units digit of p(g)?
5
Let r(l) = l**2 + 15*l + 4. Let f be r(-7). Let w = f + 87. What is the tens digit of w?
3
Let t be ((-30)/(-12))/(1/26). What is the units digit of 628/26 + (-10)/t?
4
Let u be (0/3)/1 - -4. Let n(m) = 2*m**2 + 2*m + 1. What is the tens digit of n(u)?
4
Suppose -p = -3*p + 4. Suppose -2*t + p*f + 4 = 0, -4*f - 8 - 5 = -5*t. What is the units digit of ((-2)/t)/((-1)/25)?
0
Let b = -2 - -4. Suppose -b = -2*k + 2. Suppose 2*a - 5*t = 11, 3*a + k*t - 51 = -6. What is the units digit of a?
3
Let j = -23 - -21. What is the tens digit of 4*(5 + 2/j)?
1
Let a be 0*(-2 + (1 - 0)). Suppose a = 7*v - 2*v. What is the units digit of 1 - (-2 - (-2 + v))?
1
Suppose -12*o + 14*o - 558 = 0. What is the units digit of o?
9
What is the hundreds digit of (-27)/(-108) + (-1646)/(-8)?
2
What is the units digit of (-9)/6 - (-182)/4?
4
Suppose -3*a + 665 = 4*m, 5*m - 521 = -4*a + 364. What is the units digit of a?
5
Let f(j) = -j**3 + 4*j**2 - 4. Let b(d) = -8*d**3 + 1. Let y be b(1). Let p = y - -10. What is the units digit of f(p)?
5
Let d(o) = -o**3 - 13*o**2 - 15*o + 6. What is the tens digit of d(-12)?
4
Let f(i) = 2*i**3 + 3*i**2 - i - 2. Let v be f(-2). What is the units digit of 92/6 - v/(-12)?
5
Let k(b) = -b + 1. Let a(q) = 2*q + 7. Let g(r) = a(r) - 6*k(r). Let f be (1*2)/(3 - 1). What is the units digit of g(f)?
9
Let v(i) = 2*i + 0 - 3*i + 4. What is the units digit of v(-5)?
9
Let r = -13 + 24. Let w = r - 3. What is the units digit of w?
8
Let s be (1*3)/((-15)/(-20)). Let x = 16 - s. What is the units digit of x?
2
Let w(z) = 7*z**3 - 17*z**2 + 17*z - 1. Let b(p) = -10*p**3 + 25*p**2 - 25*p + 2. Let d(i) = -5*b(i) - 7*w(i). What is the units digit of d(5)?
2
Suppose 2*v = 5*f + 560, -5*v + 3*v = -4*f - 556. What is the units digit of v?
0
Let s be (-58)/3*(-6)/4. Suppose 3*o = i + 46, 2*o + 0*i = -i + s. Suppose h - 4*h = -o. What is the units digit of h?
5
Let y = -8 + 10. What is the units digit of y?
2
Let f(t) = t. Let y be f(0). Suppose -3*q + 16 + 2 = y. What is the units digit of q?
6
Let k(t) = t**3 + 7*t**2 + 6*t - 6. Suppose -3*h + 10 = -4*m - 5, -3*m + 4*h = 6. Let r be k(m). Let a(s) = s + 11. What is the units digit of a(r)?
5
What is the tens digit of ((-91)/(-14))/((-2)/(-4))*1?
1
Suppose 4*l + 573 = 7*l. What is the hundreds digit of l?
1
Suppose 4*g - 84 = -f, f - 3*g = 4*f - 297. What is the hundreds digit of f?
1
Suppose -s - 24 = -0*s - 3*k, 0 = 5*s + 4*k + 44. Let m be s*(0 + 3)/3. Let t = m - -31. What is the units digit of t?
9
Suppose -2 = 4*d - 6*d. Let n be 38/(-3)*-3*d. Suppose 0 = y - 4*q - 29, -2*y - 2*q = -5*q - n. What is the tens digit of y?
1
Let z(o) = -2*o + 42. Let q be 2/(-3) - (-16)/24. What is the units digit of z(q)?
2
Let s = 5 - -15. What is the tens digit of s?
2
Suppose -g = j + g + 5, -4*g - 16 = 4*j. Let x = 12 + j. What is the units digit of x?
9
Let d = -3 - -6. Suppose -4 = o + d*p - 2, 0 = -p - 1. What is the units digit of (3 - o)*5/2?
5
Let q = -158 - -292. Suppose -q = w - 3*w. Suppose 4*x - 14 = 2*x + 4*i, -w = -4*x - 5*i. What is the tens digit of x?
1
Suppose 8*o - 5*o - 15 = 0. Suppose -4*m = -3*m - o, 0 = -4*p - m + 25. What is the units digit of p?
5
Let p(u) = -2*u - 7. Let o be p(-5). Suppose 0*f - 6 = -o*f. What is the units digit of f?
2
Let t be 5*(-2 - -2 - 1). Let z(s) = s**3 + 6*s**2 + 8*s + 4. Let h be z(t). Let g = h + 20. What is the units digit of g?
9
Let g = -8 + 22. What is the units digit of g?
4
Let f(q) = 2*q**2 - 3*q + 23. What is the hundreds digit of f(9)?
1
Let n = -10 + 15. What is the units digit of (-1 - n/(-3))*6?
4
Let x be (-5 + -1)/(4/(-2)). Let m be -3 + 14*(-1)/(-2). Let j = m - x. What is the units digit of j?
1
What is the tens digit of (-15)/5*111/(-9)?
3
Let w = -42 + 111. What is the units digit of w?
9
Suppose -3*i - 1 - 11 = -b, -17 = i + 4*b. Let g = i + 25. What is the units digit of g?
0
Let d = 68 - 63. What is the units digit of d?
5
Let q(i) = -4 - i + 3 - 2*i. What is the units digit of q(-1)?
2
Let p(m) be the first derivative of m**2/2 + 12. Suppose -36 = -k - 2*k. What is the tens digit of p(k)?
1
Let j(d) = d**3 - 4*d**2 + 3*d + 3. Let a be 1/(1/(-3))*-1. What is the units digit of j(a)?
3
What is the tens digit of (2 - -2) + -1 + 9?
1
Let a(m) = -2*m + 3. What is the units digit of a(-12)?
7
Let w(a) = -5*a + 1 + 11*a + 0 - 4*a. What is the units digit of w(5)?
1
Suppose -75 = 5*j - 195. Suppose 5*n - 4*n = -5*x - j, 0 = 4*x + 3*n + 17. What is the units digit of x/(-2) - (-1)/(-2)?
2
Let n = 32 + 32. What is the tens digit of n?
6
Let p(k) = k**2 + k + 4. Let b be p(0). Let n(l) = l**2 + 2 + 3*l**3 + 4 - b*l**3. What is the units digit of n(0)?
6
Let x(t) = t**3 + t**2 - t + 4. Let i be x(0). Let l = 4 - i. What is the units digit of l/(-1) - 8/(-2)?
4
Suppose 2*k = -3*k + 65. What is the tens digit of k?
1
Suppose 15 = -5*a - i + 5*i, -3 = a - 3*i. Let m be 0/(a/(-3))*-1. Suppose -12 = -4*p - 2*c, p - c = -m*c - 3. What is the units digit of p?
1
What is the units digit of -9*(-4)/12 + 20 + 1?
4
Suppose -106 = -4*o - 2*x, 2*o - x - 32 = 23. What is the units digit of o?
7
Let t be (-3)/(-9) - 42/18. What is the units digit of (t - -2 - -2) + 0?
2
Let m = -63 - -109. Suppose -m = -2*g - 0*g. What is the tens digit of g?
2
Suppose 0 = 5*i + 13 - 238. Suppose -2*o - o = -i. What is the tens digit of o?
1
Suppose -3*a = -4*k + 19, 0 = 5*k + a + a - 18. Suppose 5*p - p = -i + 14, i - 2*p + k = 0. What is the units digit of i?
2
Suppose -d + 8 = 3. Suppose -2*i - 1 + d = 0. What is the units digit of i?
2
Suppose -18*m + 23*m - 200 = 0. What is the units digit of m?
0
Let v be 0*2/6 + 2. Suppose -v*j = -0*j. Suppose -5*b + 46 - 1 = j. What is the units digit of b?
9
Suppose -p = -3*q + p + 73, 5*p = -4*q + 128. Suppose -3*z + q = 3*o - 15, 0 = 3*o. What is the tens digit of z?
1
Let t(c) = -c**3 + 2*c**2 + 7*c. Let y(x) = -2*x**3 + 5*x**2 + 15*x. Let g(l) = 9*t(l) - 4*y(l). What is the tens digit of g(-4)?
2
Let z = -16 + 25. What is the units digit of z?
9
Let u = -7 - -10. Suppose -u*p + 57 + 27 = 0. What is the units digit of p?
8
Let i(d) = d**3 + 6*d**2 - 6*d - 4. What is the tens digit of i(-6)?
3
Let x(u) be the second derivative of -u**3/6 + 2*u. Let f be x(2). What is the units digit of -2*(9/f - -1)?
7
Let n = 81 - 56. Let y = n - 13. What is the units digit of y?
2
Suppose -6 = -6*h + 3*h. Let r(k) = -k**2 + k + 2. Let n be r(h). Let f(g) = g**2 - g + 7. What is the units digit of f(n)?
7
Let x(f) = -33*f - 5. Let n be x(3). Let t = -58 - n. What is the units digit of t?
6
What is the hundreds digit of (((-34)/(-8))/1)/((-10)/(-400))?
1
Suppose 4*r + 232 = 4*u, 2*u - 4*r - 106 = -0*r. What is the tens digit of u?
6
Let j(b) = -20*b**2. Let w be j(-1). What is the units digit of ((-44)/(-5))/(w/(-50))?
2
Suppose 0 = -3*m + 5*v + 23, 7*m - 3*m + 3*v = 21. Let u(g) = g**3 - 4*g**2 + 2*g - 1. Let i be u(2). Let o = m + i. What is the units digit of o?
1
Suppose -122 = -z - 2*c, 5*z = 2*z + 2*c + 350. What is the units digit of z?
8
Let u = -1 - -1. Let l = 13 + u. What is the units digit of l?
3
Suppose 0 = 6*q - q + 40. Let w be 15